{"id":875,"date":"2026-05-16T22:16:42","date_gmt":"2026-05-16T20:16:42","guid":{"rendered":"https:\/\/ouilleallegre.fr\/?page_id=875"},"modified":"2026-05-16T22:28:42","modified_gmt":"2026-05-16T20:28:42","slug":"ensemble-cara-sposa","status":"publish","type":"page","link":"https:\/\/ouilleallegre.fr\/index.php\/ensemble-cara-sposa\/","title":{"rendered":"Ensemble Cara Sposa"},"content":{"rendered":"\n<div class=\"wp-block-columns is-layout-flex wp-container-core-columns-is-layout-28f84493 wp-block-columns-is-layout-flex\">\n<div class=\"wp-block-column is-layout-flow wp-block-column-is-layout-flow\">\n<figure class=\"wp-block-image aligncenter size-full is-resized\"><img loading=\"lazy\" decoding=\"async\" width=\"2560\" height=\"1080\" src=\"http:\/\/ouilleallegre.fr\/wp-content\/uploads\/2026\/05\/Cara-Sposa-trio-scaled-e1778961020353.png\" alt=\"\" class=\"wp-image-816\" style=\"width:800px\" srcset=\"https:\/\/ouilleallegre.fr\/wp-content\/uploads\/2026\/05\/Cara-Sposa-trio-scaled-e1778961020353.png 2560w, https:\/\/ouilleallegre.fr\/wp-content\/uploads\/2026\/05\/Cara-Sposa-trio-scaled-e1778961020353-300x127.png 300w, https:\/\/ouilleallegre.fr\/wp-content\/uploads\/2026\/05\/Cara-Sposa-trio-scaled-e1778961020353-1024x432.png 1024w, https:\/\/ouilleallegre.fr\/wp-content\/uploads\/2026\/05\/Cara-Sposa-trio-scaled-e1778961020353-768x324.png 768w, https:\/\/ouilleallegre.fr\/wp-content\/uploads\/2026\/05\/Cara-Sposa-trio-scaled-e1778961020353-1536x648.png 1536w, https:\/\/ouilleallegre.fr\/wp-content\/uploads\/2026\/05\/Cara-Sposa-trio-scaled-e1778961020353-2048x864.png 2048w\" sizes=\"auto, (max-width: 2560px) 100vw, 2560px\" \/><\/figure>\n\n\n\n<p class=\"has-text-align-center\">\u00a9 Cara Sposa &#8211; \u00a9Julien Gazeau &#8211; \u00a9<\/p>\n<\/div>\n<\/div>\n\n\n\n<div class=\"wp-block-columns is-layout-flex wp-container-core-columns-is-layout-28f84493 wp-block-columns-is-layout-flex\">\n<div class=\"wp-block-column is-layout-flow wp-block-column-is-layout-flow\">\n<p>Bruno le Levreur a d\u00e9but\u00e9 le chant \u00e0 neuf ans. Depuis, il chante Josquin, Monteverdi, Bach, Haendel, Pergol\u00e8se, Dowland, Purcell, Vivaldi&#8230; sous la direction de chefs reconnus tels que Bernard Fabre-Garrus (A Sei Voci), William Christie et Paul Agnew (Les Arts Florissants), Laurence Equilbey (Accentus) ou encore Vincent Dumestre (Le Po\u00e8me Harmonique) avec qui il fait le tour du monde.<\/p>\n\n\n\n<p>L\u2019ensemble CARA SPOSA voit le jour en 2013. Entour\u00e9 principalement par une viole de gambe et un th\u00e9orbe, il cr\u00e9\u00e9 en 2020 <strong><em>\u00ab Le C\u0153ur des Femmes \u00bb<\/em><\/strong> o\u00f9 il est question de la Sainte femme mais aussi de la femme amoureuse et de l\u2019image maternelle avec des airs de Monteverdi, Purcell, Vivaldi ou de douces berceuses peu connues et pourtant d\u00e9licieuses ! Lors de chaque concert, Bruno ne manque jamais d\u2019\u00e9changer avec le public afin d\u2019expliquer chaque pi\u00e8ce et m\u00eame de le faire chanter en fin de programme&#8230;mais&#8230;chut, c\u2019est une surprise !<\/p>\n<\/div>\n<\/div>\n\n\n\n<div class=\"wp-block-columns is-layout-flex wp-container-core-columns-is-layout-28f84493 wp-block-columns-is-layout-flex\">\n<div class=\"wp-block-column is-layout-flow wp-block-column-is-layout-flow\">\n<h4 class=\"wp-block-heading\"><strong>Bruno Le Levreur<\/strong>, contre-t\u00e9nor<\/h4>\n\n\n\n<p>Depuis maintenant 25 ans, Bruno chante Josquin, Monteverdi, Bach, Haendel, Pergol\u00e8se, Dowland, Purcell, Vivaldi&#8230; sous la direction de chefs reconnus tels que William Christie et Paul Agnew (Les Arts Florissants Equilbey), Laurence (Accentus) ou encore Vincent Dumestre (Le Po\u00e8me Harmonique) avec qui il fait le tour du monde.<\/p>\n\n\n\n<p>Son propre ensemble CARA SPOSA voit le jour en 2013. Entour\u00e9 \u00e0 la viole de gambe par Julie Dessaint et au th\u00e9orbe par Pierre Rinderknecht, Bruno propose des programmes religieux ou profanes comme par exemple <strong><em>\u00ab Remember \u00bb <\/em><\/strong><em>ou<\/em> <em>encore<\/em> <strong><em>\u00ab Le C\u0153ur des Femmes \u00bb.<\/em><\/strong><\/p>\n\n\n\n<p>L\u2019ensemble enregistre deux disques dans l\u2019acoustique id\u00e9ale de l\u2019ancien couvent de la Baumette \u00e0 Angers.<\/p>\n\n\n\n<p>Parall\u00e8lement \u00e0 ses concerts \u00ab traditionnels \u00bb, il passe beaucoup de temps aupr\u00e8s des enfants de tous \u00e2ges pour leur faire partager une petite cuill\u00e8re de musique baroque\u2026 Il cr\u00e9e, avec le conteur Laurent Carudel, trois spectacles \u00e0 destination des familles dont le dernier, \u00ab Un Petit Pas pour l\u2019Homme ? \u00bb, qui tournera encore partout en France entre 2024 et 2026.<\/p>\n\n\n\n<p>Bruno dirige deux ensembles nantais : \u00ab Pavane \u00bb, un ch\u0153ur renaissance et \u00ab Il Coro \u00bb, un ch\u0153ur et un orchestre baroque. Une dizaine de concerts sont donn\u00e9s dans la r\u00e9gion Ouest chaque ann\u00e9e. Il est \u00e9galement encadrant artistique de l\u2019ensemble de solistes choletais \u00ab Cantafolia \u00bb.<\/p>\n\n\n\n<p>Bruno est r\u00e9guli\u00e8rement sollicit\u00e9 pour donner cours de technique vocale et masterclass baroques. Il enseigne la technique vocale et le chant lyrique \u00e0 l\u2019\u00e9cole de musique de Saint- S\u00e9bastien-sur-Loire.<\/p>\n\n\n\n<p>Depuis plusieurs ann\u00e9es, l\u2019ancien couvent de la Baumette \u00e0 Angers est un lieu privil\u00e9gi\u00e9 dans lequel Bruno organise concerts, stages de chant choral et enregistrements de disques. En 2026, un festival de musiques anciennes y sera cr\u00e9\u00e9 : \u00ab Clef de Vo\u00fbte \u00bb. Bruno en sera le directeur artistique.<\/p>\n\n\n\n<h4 class=\"wp-block-heading\">Julie Dessaint, viole de gambe<\/h4>\n\n\n\n<p>Dipl\u00f4m\u00e9e des CRR de Paris, La Courneuve et Nantes, elle a \u00e9tudi\u00e9 la guitare puis la viole de gambe aupr\u00e8s de Michel Grizard, Emmanuel Balssa, Marion Middenway, Ariane Maurette. Elle se produit r\u00e9guli\u00e8rement en France et \u00e0 l\u2019\u00e9tranger en tant que soliste ou continuiste avec la Compagnie La Temp\u00eate (S.P. Bestion), L\u2019Escadron Volant de la Reine, L\u2019ensemble Correspondances (S. Dauc\u00e9), l\u2019ensemble l\u2019Ach\u00e9ron (F. Joubert-Caillet), L\u2019ensemble Leviathan (L.Tessier), L\u2019ensemble Artifices (A. Julien-Laferri\u00e8re), Acte 6 (S. Hengebaert et R. Khalil), Le po\u00e8me harmonique (V.Dumestre), L\u2019ensemble Marguerite Louise (G. Jarry), Cara Sposa (B. Le Levreur)&#8230;Depuis 2012 elle collabore avec le conteur Laurent Carudel et participe \u00e0 la cr\u00e9ation de \u00ab Cactus \u00bb , \u00ab La Rue Sans Tambour \u00bb et \u00ab Un petit pas pour l\u2019homme ? \u00bb qui sont trois spectacles o\u00f9 se m\u00ealent le conte et la musique baroque. En 2008, elle s\u2019associe \u00e0 Simon-Pierre Bestion pour fonder l\u2019ensemble \u00ab Europa Barocca \u00bb qui s\u2019est depuis uni au ch\u0153ur \u00ab Luce Del Canto \u00bb pour former la compagnie \u00ab La Temp\u00eate \u00bb.<\/p>\n\n\n\n<h4 class=\"wp-block-heading\"><strong>Bruno Helstroffer, th\u00e9orbe<\/strong><\/h4>\n\n\n\n<p>Guitariste classique puis \u00e9lectrique, autodidacte du th\u00e9orbe et des musiques anciennes, Bruno Helstroffer est sollicit\u00e9 en qualit\u00e9 d\u2019interpr\u00e8te par les orchestres baroques (Le Concert Spirituel, Le Po\u00e8me Harmonique, \u2026) et par les formations de chambre (Amarillis, Les Musiciens de Saint-Julien, Barcarole\u2026) avec lesquels il se produit dans le monde et r\u00e9alise une vingtaine d\u2019enregistrements discographiques, DVD\u2026<\/p>\n\n\n\n<p>En parall\u00e8le il s\u2019engage dans le spectacle vivant afin de renouer avec l\u2019aspect cr\u00e9atif du musicien, dans les domaines du th\u00e9\u00e2tre, de la danse contemporaine, de l\u2018accompagnement de chanteurs populaires et des performances artistiques pluridisciplinaires (po\u00e8tes, circassiens, marionnettes, etc.).<\/p>\n\n\n\n<p>M\u00ealant improvisation contemporaine, pi\u00e8ces de r\u00e9pertoire et po\u00e8mes, son solo de th\u00e9orbe original intitul\u00e9 \u00ab La Chambre \u00bb a \u00e9t\u00e9 appr\u00e9ci\u00e9 en France dans les festivals de musiques anciennes (Saintes\u2026) comme sur la sc\u00e8ne populaire (Trianon de Paris\u2026) et \u00e0 l\u2019\u00e9tranger (Pologne, Allemagne, Danemark\u2026). Pour Love I Obey,&nbsp;Bruno Helstroffer invite au sein de son propre ensemble la chanteuse folk Rosemary Standley \u00e0 \u00e9laborer un programme fantasmagorique \u00e0 partir des ballades anglaises du XVIIe si\u00e8cle et des folksongs traditionnelles am\u00e9ricaines.<\/p>\n\n\n\n<p>La fusion des langages qu\u2019il aborde devient une identit\u00e9 musicale originale qui le conduit r\u00e9guli\u00e8rement \u00e0 se produire et \u00e0 enregistrer avec des jazzmen (Michel Godard &amp; Steve Swallow, David Chevalier, Jasser Haj Youssef, Jo\u00ebl Grare\u2026) ou des artistes pop (Sapho, Moriarty, Savoye). A la fronti\u00e8re de styles musicaux, il marque ainsi sa volont\u00e9 de marier habilement ses multiples exp\u00e9riences et propose une communication entre genres et artistes d\u2019horizons diff\u00e9rents.<\/p>\n<\/div>\n<\/div>\n","protected":false},"excerpt":{"rendered":"<p>\u00a9 Cara Sposa &#8211; \u00a9Julien Gazeau &#8211; \u00a9 Bruno le Levreur a d\u00e9but\u00e9 le chant \u00e0 neuf ans. Depuis, il [&hellip;]<\/p>\n","protected":false},"author":1,"featured_media":0,"parent":0,"menu_order":0,"comment_status":"closed","ping_status":"closed","template":"","meta":{"site-sidebar-layout":"default","site-content-layout":"","ast-site-content-layout":"default","site-content-style":"default","site-sidebar-style":"default","ast-global-header-display":"","ast-banner-title-visibility":"","ast-main-header-display":"","ast-hfb-above-header-display":"","ast-hfb-below-header-display":"","ast-hfb-mobile-header-display":"","site-post-title":"","ast-breadcrumbs-content":"","ast-featured-img":"","footer-sml-layout":"","ast-disable-related-posts":"","theme-transparent-header-meta":"","adv-header-id-meta":"","stick-header-meta":"","header-above-stick-meta":"","header-main-stick-meta":"","header-below-stick-meta":"","astra-migrate-meta-layouts":"default","ast-page-background-enabled":"default","ast-page-background-meta":{"desktop":{"background-color":"var(--ast-global-color-4)","background-image":"","background-repeat":"repeat","background-position":"center center","background-size":"auto","background-attachment":"scroll","background-type":"","background-media":"","overlay-type":"","overlay-color":"","overlay-opacity":"","overlay-gradient":""},"tablet":{"background-color":"","background-image":"","background-repeat":"repeat","background-position":"center center","background-size":"auto","background-attachment":"scroll","background-type":"","background-media":"","overlay-type":"","overlay-color":"","overlay-opacity":"","overlay-gradient":""},"mobile":{"background-color":"","background-image":"","background-repeat":"repeat","background-position":"center center","background-size":"auto","background-attachment":"scroll","background-type":"","background-media":"","overlay-type":"","overlay-color":"","overlay-opacity":"","overlay-gradient":""}},"ast-content-background-meta":{"desktop":{"background-color":"var(--ast-global-color-5)","background-image":"","background-repeat":"repeat","background-position":"center center","background-size":"auto","background-attachment":"scroll","background-type":"","background-media":"","overlay-type":"","overlay-color":"","overlay-opacity":"","overlay-gradient":""},"tablet":{"background-color":"var(--ast-global-color-5)","background-image":"","background-repeat":"repeat","background-position":"center center","background-size":"auto","background-attachment":"scroll","background-type":"","background-media":"","overlay-type":"","overlay-color":"","overlay-opacity":"","overlay-gradient":""},"mobile":{"background-color":"var(--ast-global-color-5)","background-image":"","background-repeat":"repeat","background-position":"center center","background-size":"auto","background-attachment":"scroll","background-type":"","background-media":"","overlay-type":"","overlay-color":"","overlay-opacity":"","overlay-gradient":""}},"footnotes":""},"class_list":["post-875","page","type-page","status-publish","hentry"],"yoast_head":"<!-- This site is optimized with the Yoast SEO plugin v27.6 - https:\/\/yoast.com\/product\/yoast-seo-wordpress\/ -->\n<title>Ensemble Cara Sposa - Rencontres Artistiques de l&#039;Ouille All\u00e8gre<\/title>\n<meta name=\"robots\" content=\"index, follow, max-snippet:-1, max-image-preview:large, max-video-preview:-1\" \/>\n<link rel=\"canonical\" href=\"https:\/\/ouilleallegre.fr\/index.php\/ensemble-cara-sposa\/\" \/>\n<meta property=\"og:locale\" content=\"fr_FR\" \/>\n<meta property=\"og:type\" content=\"article\" \/>\n<meta property=\"og:title\" content=\"Ensemble Cara Sposa - Rencontres Artistiques de l&#039;Ouille All\u00e8gre\" \/>\n<meta property=\"og:description\" content=\"\u00a9 Cara Sposa &#8211; \u00a9Julien Gazeau &#8211; \u00a9 Bruno le Levreur a d\u00e9but\u00e9 le chant \u00e0 neuf ans. Depuis, il [&hellip;]\" \/>\n<meta property=\"og:url\" content=\"https:\/\/ouilleallegre.fr\/index.php\/ensemble-cara-sposa\/\" \/>\n<meta property=\"og:site_name\" content=\"Rencontres Artistiques de l&#039;Ouille All\u00e8gre\" \/>\n<meta property=\"article:modified_time\" content=\"2026-05-16T20:28:42+00:00\" \/>\n<meta property=\"og:image\" content=\"https:\/\/ouilleallegre.fr\/wp-content\/uploads\/2026\/05\/Cara-Sposa-trio-scaled-e1778961020353.png\" \/>\n\t<meta property=\"og:image:width\" content=\"2560\" \/>\n\t<meta property=\"og:image:height\" content=\"1080\" \/>\n\t<meta property=\"og:image:type\" content=\"image\/png\" \/>\n<meta name=\"twitter:card\" content=\"summary_large_image\" \/>\n<meta name=\"twitter:label1\" content=\"Dur\u00e9e de lecture estim\u00e9e\" \/>\n\t<meta name=\"twitter:data1\" content=\"5 minutes\" \/>\n<script type=\"application\/ld+json\" class=\"yoast-schema-graph\">{\"@context\":\"https:\\\/\\\/schema.org\",\"@graph\":[{\"@type\":\"WebPage\",\"@id\":\"https:\\\/\\\/ouilleallegre.fr\\\/index.php\\\/ensemble-cara-sposa\\\/\",\"url\":\"https:\\\/\\\/ouilleallegre.fr\\\/index.php\\\/ensemble-cara-sposa\\\/\",\"name\":\"Ensemble Cara Sposa - Rencontres Artistiques de l&#039;Ouille All\u00e8gre\",\"isPartOf\":{\"@id\":\"https:\\\/\\\/ouilleallegre.fr\\\/#website\"},\"primaryImageOfPage\":{\"@id\":\"https:\\\/\\\/ouilleallegre.fr\\\/index.php\\\/ensemble-cara-sposa\\\/#primaryimage\"},\"image\":{\"@id\":\"https:\\\/\\\/ouilleallegre.fr\\\/index.php\\\/ensemble-cara-sposa\\\/#primaryimage\"},\"thumbnailUrl\":\"http:\\\/\\\/ouilleallegre.fr\\\/wp-content\\\/uploads\\\/2026\\\/05\\\/Cara-Sposa-trio-scaled-e1778961020353.png\",\"datePublished\":\"2026-05-16T20:16:42+00:00\",\"dateModified\":\"2026-05-16T20:28:42+00:00\",\"breadcrumb\":{\"@id\":\"https:\\\/\\\/ouilleallegre.fr\\\/index.php\\\/ensemble-cara-sposa\\\/#breadcrumb\"},\"inLanguage\":\"fr-FR\",\"potentialAction\":[{\"@type\":\"ReadAction\",\"target\":[\"https:\\\/\\\/ouilleallegre.fr\\\/index.php\\\/ensemble-cara-sposa\\\/\"]}]},{\"@type\":\"ImageObject\",\"inLanguage\":\"fr-FR\",\"@id\":\"https:\\\/\\\/ouilleallegre.fr\\\/index.php\\\/ensemble-cara-sposa\\\/#primaryimage\",\"url\":\"https:\\\/\\\/ouilleallegre.fr\\\/wp-content\\\/uploads\\\/2026\\\/05\\\/Cara-Sposa-trio-scaled-e1778961020353.png\",\"contentUrl\":\"https:\\\/\\\/ouilleallegre.fr\\\/wp-content\\\/uploads\\\/2026\\\/05\\\/Cara-Sposa-trio-scaled-e1778961020353.png\",\"width\":2560,\"height\":1080},{\"@type\":\"BreadcrumbList\",\"@id\":\"https:\\\/\\\/ouilleallegre.fr\\\/index.php\\\/ensemble-cara-sposa\\\/#breadcrumb\",\"itemListElement\":[{\"@type\":\"ListItem\",\"position\":1,\"name\":\"Accueil\",\"item\":\"https:\\\/\\\/ouilleallegre.fr\\\/\"},{\"@type\":\"ListItem\",\"position\":2,\"name\":\"Ensemble Cara Sposa\"}]},{\"@type\":\"WebSite\",\"@id\":\"https:\\\/\\\/ouilleallegre.fr\\\/#website\",\"url\":\"https:\\\/\\\/ouilleallegre.fr\\\/\",\"name\":\"Rencontres Artistiques de l'Ouille All\u00e8gre\",\"description\":\"\",\"publisher\":{\"@id\":\"https:\\\/\\\/ouilleallegre.fr\\\/#organization\"},\"potentialAction\":[{\"@type\":\"SearchAction\",\"target\":{\"@type\":\"EntryPoint\",\"urlTemplate\":\"https:\\\/\\\/ouilleallegre.fr\\\/?s={search_term_string}\"},\"query-input\":{\"@type\":\"PropertyValueSpecification\",\"valueRequired\":true,\"valueName\":\"search_term_string\"}}],\"inLanguage\":\"fr-FR\"},{\"@type\":\"Organization\",\"@id\":\"https:\\\/\\\/ouilleallegre.fr\\\/#organization\",\"name\":\"Rencontres Artistiques de l'Ouille All\u00e8gre\",\"url\":\"https:\\\/\\\/ouilleallegre.fr\\\/\",\"logo\":{\"@type\":\"ImageObject\",\"inLanguage\":\"fr-FR\",\"@id\":\"https:\\\/\\\/ouilleallegre.fr\\\/#\\\/schema\\\/logo\\\/image\\\/\",\"url\":\"https:\\\/\\\/ouilleallegre.fr\\\/wp-content\\\/uploads\\\/2024\\\/06\\\/Logo_OuilleAllegre_VersionSiteInternet_FondTransparent.png\",\"contentUrl\":\"https:\\\/\\\/ouilleallegre.fr\\\/wp-content\\\/uploads\\\/2024\\\/06\\\/Logo_OuilleAllegre_VersionSiteInternet_FondTransparent.png\",\"width\":1000,\"height\":375,\"caption\":\"Rencontres Artistiques de l'Ouille All\u00e8gre\"},\"image\":{\"@id\":\"https:\\\/\\\/ouilleallegre.fr\\\/#\\\/schema\\\/logo\\\/image\\\/\"},\"sameAs\":[\"https:\\\/\\\/www.instagram.com\\\/rencontres_ouille_allegre\\\/\"]}]}<\/script>\n<!-- \/ Yoast SEO plugin. -->","yoast_head_json":{"title":"Ensemble Cara Sposa - Rencontres Artistiques de l&#039;Ouille All\u00e8gre","robots":{"index":"index","follow":"follow","max-snippet":"max-snippet:-1","max-image-preview":"max-image-preview:large","max-video-preview":"max-video-preview:-1"},"canonical":"https:\/\/ouilleallegre.fr\/index.php\/ensemble-cara-sposa\/","og_locale":"fr_FR","og_type":"article","og_title":"Ensemble Cara Sposa - Rencontres Artistiques de l&#039;Ouille All\u00e8gre","og_description":"\u00a9 Cara Sposa &#8211; \u00a9Julien Gazeau &#8211; \u00a9 Bruno le Levreur a d\u00e9but\u00e9 le chant \u00e0 neuf ans. Depuis, il [&hellip;]","og_url":"https:\/\/ouilleallegre.fr\/index.php\/ensemble-cara-sposa\/","og_site_name":"Rencontres Artistiques de l&#039;Ouille All\u00e8gre","article_modified_time":"2026-05-16T20:28:42+00:00","og_image":[{"width":2560,"height":1080,"url":"https:\/\/ouilleallegre.fr\/wp-content\/uploads\/2026\/05\/Cara-Sposa-trio-scaled-e1778961020353.png","type":"image\/png"}],"twitter_card":"summary_large_image","twitter_misc":{"Dur\u00e9e de lecture estim\u00e9e":"5 minutes"},"schema":{"@context":"https:\/\/schema.org","@graph":[{"@type":"WebPage","@id":"https:\/\/ouilleallegre.fr\/index.php\/ensemble-cara-sposa\/","url":"https:\/\/ouilleallegre.fr\/index.php\/ensemble-cara-sposa\/","name":"Ensemble Cara Sposa - Rencontres Artistiques de l&#039;Ouille All\u00e8gre","isPartOf":{"@id":"https:\/\/ouilleallegre.fr\/#website"},"primaryImageOfPage":{"@id":"https:\/\/ouilleallegre.fr\/index.php\/ensemble-cara-sposa\/#primaryimage"},"image":{"@id":"https:\/\/ouilleallegre.fr\/index.php\/ensemble-cara-sposa\/#primaryimage"},"thumbnailUrl":"http:\/\/ouilleallegre.fr\/wp-content\/uploads\/2026\/05\/Cara-Sposa-trio-scaled-e1778961020353.png","datePublished":"2026-05-16T20:16:42+00:00","dateModified":"2026-05-16T20:28:42+00:00","breadcrumb":{"@id":"https:\/\/ouilleallegre.fr\/index.php\/ensemble-cara-sposa\/#breadcrumb"},"inLanguage":"fr-FR","potentialAction":[{"@type":"ReadAction","target":["https:\/\/ouilleallegre.fr\/index.php\/ensemble-cara-sposa\/"]}]},{"@type":"ImageObject","inLanguage":"fr-FR","@id":"https:\/\/ouilleallegre.fr\/index.php\/ensemble-cara-sposa\/#primaryimage","url":"https:\/\/ouilleallegre.fr\/wp-content\/uploads\/2026\/05\/Cara-Sposa-trio-scaled-e1778961020353.png","contentUrl":"https:\/\/ouilleallegre.fr\/wp-content\/uploads\/2026\/05\/Cara-Sposa-trio-scaled-e1778961020353.png","width":2560,"height":1080},{"@type":"BreadcrumbList","@id":"https:\/\/ouilleallegre.fr\/index.php\/ensemble-cara-sposa\/#breadcrumb","itemListElement":[{"@type":"ListItem","position":1,"name":"Accueil","item":"https:\/\/ouilleallegre.fr\/"},{"@type":"ListItem","position":2,"name":"Ensemble Cara Sposa"}]},{"@type":"WebSite","@id":"https:\/\/ouilleallegre.fr\/#website","url":"https:\/\/ouilleallegre.fr\/","name":"Rencontres Artistiques de l'Ouille All\u00e8gre","description":"","publisher":{"@id":"https:\/\/ouilleallegre.fr\/#organization"},"potentialAction":[{"@type":"SearchAction","target":{"@type":"EntryPoint","urlTemplate":"https:\/\/ouilleallegre.fr\/?s={search_term_string}"},"query-input":{"@type":"PropertyValueSpecification","valueRequired":true,"valueName":"search_term_string"}}],"inLanguage":"fr-FR"},{"@type":"Organization","@id":"https:\/\/ouilleallegre.fr\/#organization","name":"Rencontres Artistiques de l'Ouille All\u00e8gre","url":"https:\/\/ouilleallegre.fr\/","logo":{"@type":"ImageObject","inLanguage":"fr-FR","@id":"https:\/\/ouilleallegre.fr\/#\/schema\/logo\/image\/","url":"https:\/\/ouilleallegre.fr\/wp-content\/uploads\/2024\/06\/Logo_OuilleAllegre_VersionSiteInternet_FondTransparent.png","contentUrl":"https:\/\/ouilleallegre.fr\/wp-content\/uploads\/2024\/06\/Logo_OuilleAllegre_VersionSiteInternet_FondTransparent.png","width":1000,"height":375,"caption":"Rencontres Artistiques de l'Ouille All\u00e8gre"},"image":{"@id":"https:\/\/ouilleallegre.fr\/#\/schema\/logo\/image\/"},"sameAs":["https:\/\/www.instagram.com\/rencontres_ouille_allegre\/"]}]}},"_links":{"self":[{"href":"https:\/\/ouilleallegre.fr\/index.php\/wp-json\/wp\/v2\/pages\/875","targetHints":{"allow":["GET"]}}],"collection":[{"href":"https:\/\/ouilleallegre.fr\/index.php\/wp-json\/wp\/v2\/pages"}],"about":[{"href":"https:\/\/ouilleallegre.fr\/index.php\/wp-json\/wp\/v2\/types\/page"}],"author":[{"embeddable":true,"href":"https:\/\/ouilleallegre.fr\/index.php\/wp-json\/wp\/v2\/users\/1"}],"replies":[{"embeddable":true,"href":"https:\/\/ouilleallegre.fr\/index.php\/wp-json\/wp\/v2\/comments?post=875"}],"version-history":[{"count":3,"href":"https:\/\/ouilleallegre.fr\/index.php\/wp-json\/wp\/v2\/pages\/875\/revisions"}],"predecessor-version":[{"id":889,"href":"https:\/\/ouilleallegre.fr\/index.php\/wp-json\/wp\/v2\/pages\/875\/revisions\/889"}],"wp:attachment":[{"href":"https:\/\/ouilleallegre.fr\/index.php\/wp-json\/wp\/v2\/media?parent=875"}],"curies":[{"name":"wp","href":"https:\/\/api.w.org\/{rel}","templated":true}]}}