{"id":657,"date":"2025-06-24T21:01:23","date_gmt":"2025-06-24T19:01:23","guid":{"rendered":"https:\/\/ouilleallegre.fr\/?page_id=657"},"modified":"2025-10-29T21:53:49","modified_gmt":"2025-10-29T20:53:49","slug":"ensemble-arlequin","status":"publish","type":"page","link":"https:\/\/ouilleallegre.fr\/index.php\/ensemble-arlequin\/","title":{"rendered":"Ensemble Arlequin"},"content":{"rendered":"\n<div class=\"wp-block-columns is-layout-flex wp-container-core-columns-is-layout-28f84493 wp-block-columns-is-layout-flex\">\n<div class=\"wp-block-column is-layout-flow wp-block-column-is-layout-flow\">\n<p>\u00c0 l\u2019image du personnage de la commedia dell\u2019arte dont il porte le nom, l\u2019ensemble Arlequin se m\u00e9tamorphose au gr\u00e9 des r\u00e9pertoires. De la richesse ornementale du baroque \u00e0 l\u2019\u00e9l\u00e9gance du classicisme, il explore avec passion les couleurs et les textures sonores des instruments d\u2019\u00e9poque. Port\u00e9 par des musiciens engag\u00e9s dans une d\u00e9marche historique et expressive, Arlequin adapte ses effectifs \u00e0 chaque programme : violon, alto, violoncelle, viole de gambe, pianoforte, clavecin ou th\u00e9orbe se m\u00ealent et se r\u00e9pondent dans des dialogues vivants et nuanc\u00e9s. Chaque concert est une invitation \u00e0 red\u00e9couvrir les \u0153uvres sous un jour nouveau, avec l\u2019authenticit\u00e9 et l\u2019\u00e9motion des sonorit\u00e9s d\u2019origine.<\/p>\n<\/div>\n<\/div>\n\n\n\n<div class=\"wp-block-columns is-layout-flex wp-container-core-columns-is-layout-28f84493 wp-block-columns-is-layout-flex\">\n<div class=\"wp-block-column is-layout-flow wp-block-column-is-layout-flow\" style=\"flex-basis:33.33%\">\n<figure class=\"wp-block-image size-large\"><img loading=\"lazy\" decoding=\"async\" width=\"863\" height=\"1024\" src=\"http:\/\/ouilleallegre.fr\/wp-content\/uploads\/2025\/06\/Gilone-1-copyrignt-Emmanuel-Jacques-863x1024.jpeg\" alt=\"Gilone Gaubert avec son violon.\" class=\"wp-image-658\" srcset=\"https:\/\/ouilleallegre.fr\/wp-content\/uploads\/2025\/06\/Gilone-1-copyrignt-Emmanuel-Jacques-863x1024.jpeg 863w, https:\/\/ouilleallegre.fr\/wp-content\/uploads\/2025\/06\/Gilone-1-copyrignt-Emmanuel-Jacques-253x300.jpeg 253w, https:\/\/ouilleallegre.fr\/wp-content\/uploads\/2025\/06\/Gilone-1-copyrignt-Emmanuel-Jacques-768x912.jpeg 768w, https:\/\/ouilleallegre.fr\/wp-content\/uploads\/2025\/06\/Gilone-1-copyrignt-Emmanuel-Jacques-1294x1536.jpeg 1294w, https:\/\/ouilleallegre.fr\/wp-content\/uploads\/2025\/06\/Gilone-1-copyrignt-Emmanuel-Jacques-1725x2048.jpeg 1725w\" sizes=\"auto, (max-width: 863px) 100vw, 863px\" \/><\/figure>\n\n\n\n<p class=\"has-text-align-center has-small-font-size\">\u00a9 Emmanuel Jacques<\/p>\n<\/div>\n\n\n\n<div class=\"wp-block-column is-layout-flow wp-block-column-is-layout-flow\" style=\"flex-basis:66.66%\">\n<h5 class=\"wp-block-heading\"><strong>Gilone Gaubert , <\/strong>violon<\/h5>\n\n\n\n<p>Dipl\u00f4m\u00e9e du Conservatoire R\u00e9gional de Bordeaux en piano (1er prix), \u00e9tudie parall\u00e8lement le violon, notamment avec Robert Papavrami, puis Maryvonne Le Diz\u00e8s au Conservatoire R\u00e9gional de Boulogne-Billancourt o\u00f9 elle obtient un 1er prix \u00e0 l\u2019unanimit\u00e9. Afin de compl\u00e9ter son cursus musical, elle int\u00e8gre aussi la classe d\u2019accompagnement piano de Solange Chiapparin au Conservatoire de Fontenay-sous-Bois. <\/p>\n\n\n\n<p>Admise dans la classe de violon de Devy Erlih au Conservatoire National Sup\u00e9rieur de Musique de Paris (CNSM), elle en sort en 1995 r\u00e9compens\u00e9e par le dipl\u00f4me de Formation Sup\u00e9rieure. <\/p>\n\n\n\n<p>Passionn\u00e9e par l\u2019interpr\u00e9tation du r\u00e9pertoire de musique ancienne sur instruments d\u2019\u00e9poque, elle approfondit cette sp\u00e9cialisation aupr\u00e8s de Patrick Bismuth et Christophe Rousset au CNSM de Paris et y obtient en 1998 le dipl\u00f4me de Formation Sup\u00e9rieure. <\/p>\n\n\n\n<p>Depuis 2005, elle est violon solo de l\u2019ensemble Les Talens Lyriques dirig\u00e9 par Christophe Rousset avec lequel une solide collaboration s\u2019est cr\u00e9\u00e9. Elle a notamment interpr\u00e9t\u00e9 en soliste des concertos de Bach ainsi que les 4 Saisons de Vivaldi. <\/p>\n\n\n\n<p>Elle joue \u00e9galement avec sa partenaire complice Elisabeth Joy\u00e9, claveciniste et organiste, avec laquelle elle a enregistr\u00e9 3 sonates pour violon et clavecin de J.S. Bach. <\/p>\n\n\n\n<p>Elle a \u00e9t\u00e9 membre fondateur du <em>Quatuor Ruggieri<\/em>, actif de 2007 \u00e0 2015, quatuor \u00e0 cordes sp\u00e9cialis\u00e9 dans le r\u00e9pertoire classique et romantique sur instruments d\u2019\u00e9poque dont deux enregistrements discographiques d\u00e9di\u00e9s \u00e0 George Onslow (2012 sous le label agogique et 2015 sous le label Apart\u00e9) ont re\u00e7u l\u2019accueil tr\u00e8s favorable de la presse. <\/p>\n\n\n\n<p>Puis avec <em>Les Heures du Jour<\/em>, cr\u00e9\u00e9 en 2016, elle a effectu\u00e9 avec passion le travail de transcription d\u2019oeuvres pour clavier et voix, que l\u2019on peut notamment entendre dans le CD Winterreise de Franz Schubert, sorti en f\u00e9vrier 2020, sous le label Muso. <\/p>\n\n\n\n<p>Elle joue sur un violon baroque de Jo\u00ebl Klepal, d\u2019apr\u00e8s Stradivarius, Paris 2016, et un violon romantique de ce m\u00eame luthier, Paris 2021.<\/p>\n<\/div>\n<\/div>\n\n\n\n<hr class=\"wp-block-separator has-alpha-channel-opacity\"\/>\n\n\n\n<div class=\"wp-block-columns is-layout-flex wp-container-core-columns-is-layout-28f84493 wp-block-columns-is-layout-flex\">\n<div class=\"wp-block-column is-layout-flow wp-block-column-is-layout-flow\" style=\"flex-basis:33.33%\">\n<figure class=\"wp-block-image size-large\"><img loading=\"lazy\" decoding=\"async\" width=\"846\" height=\"1024\" src=\"http:\/\/ouilleallegre.fr\/wp-content\/uploads\/2025\/06\/Image-2-copie-846x1024.jpeg\" alt=\"Pierre Vallet avec son alto.\" class=\"wp-image-660\" srcset=\"https:\/\/ouilleallegre.fr\/wp-content\/uploads\/2025\/06\/Image-2-copie-846x1024.jpeg 846w, https:\/\/ouilleallegre.fr\/wp-content\/uploads\/2025\/06\/Image-2-copie-248x300.jpeg 248w, https:\/\/ouilleallegre.fr\/wp-content\/uploads\/2025\/06\/Image-2-copie-768x929.jpeg 768w, https:\/\/ouilleallegre.fr\/wp-content\/uploads\/2025\/06\/Image-2-copie-1269x1536.jpeg 1269w, https:\/\/ouilleallegre.fr\/wp-content\/uploads\/2025\/06\/Image-2-copie.jpeg 1299w\" sizes=\"auto, (max-width: 846px) 100vw, 846px\" \/><\/figure>\n<\/div>\n\n\n\n<div class=\"wp-block-column is-layout-flow wp-block-column-is-layout-flow\" style=\"flex-basis:66.66%\">\n<h4 class=\"wp-block-heading\"><strong>Pierre Vallet<\/strong>, alto<\/h4>\n\n\n\n<p>Dipl\u00f4m\u00e9 des conservatoires de Besan\u00e7on, Bordeaux et de la HEM de Gen\u00e8ve, \u00e9l\u00e8ve de Tasso Adamopoulos et Gabor Takacs, il se passionne pour la musique ancienne et se forme au contact de nombreuses personnalit\u00e9s, telles que Chiara Banchini ou Alice Pierot.&nbsp;<\/p>\n\n\n\n<p><br>Il se produit au sein de plusieurs ensembles en France comme \u00e0 l\u2019\u00e9tranger, et participe \u00e0 de nombreux enregistrements salu\u00e9s par la critique.&nbsp;<\/p>\n\n\n\n<p><br>Il partage son activit\u00e9 entre L\u2019ensemble Pygmalion (Rapha\u00ebl Pichon), Cappella Mediterranea (Leonardo Garc\u00eda-Alarc\u00f3n), Le Po\u00e8me Harmonique (Vincent Dumestre), Gli Angeli (Stephan Macleod), Les Talens Lyriques (Christophe Rousset), l\u2019Ensemble Masques (Olivier Fortin) et la musique de Chambre.&nbsp;<\/p>\n\n\n\n<p>Il cr\u00e9e alors l\u2019ensemble Arlequin port\u00e9 par des musiciens engag\u00e9s dans une d\u00e9marche historique et expressive avec lequel il propose un voyage musical qui adapte ses effectifs au gr\u00e9 des programmes, violon, alto, violoncelle, viole de gambe, pianoforte, th\u00e9orbe ou clavecin se m\u00ealent et se r\u00e9pondent dans des dialogues vivants et nuanc\u00e9s, allant du 17\u00e8me si\u00e8cle au 19\u00e8me si\u00e8cle, Purcell, Bach, Mozart Schubert Schumann.&nbsp;\u00bb&nbsp;<\/p>\n<\/div>\n<\/div>\n\n\n\n<hr class=\"wp-block-separator has-alpha-channel-opacity\"\/>\n\n\n\n<div class=\"wp-block-columns is-layout-flex wp-container-core-columns-is-layout-28f84493 wp-block-columns-is-layout-flex\">\n<div class=\"wp-block-column is-layout-flow wp-block-column-is-layout-flow\" style=\"flex-basis:33.33%\">\n<figure class=\"wp-block-image size-full\"><img loading=\"lazy\" decoding=\"async\" width=\"516\" height=\"743\" src=\"https:\/\/ouilleallegre.fr\/wp-content\/uploads\/2024\/06\/Marjolaine-Cambon.jpg\" alt=\"Marjolaine Cambon avec sa viole de gambe.\" class=\"wp-image-242\" srcset=\"https:\/\/ouilleallegre.fr\/wp-content\/uploads\/2024\/06\/Marjolaine-Cambon.jpg 516w, https:\/\/ouilleallegre.fr\/wp-content\/uploads\/2024\/06\/Marjolaine-Cambon-208x300.jpg 208w\" sizes=\"auto, (max-width: 516px) 100vw, 516px\" \/><\/figure>\n<\/div>\n\n\n\n<div class=\"wp-block-column is-layout-flow wp-block-column-is-layout-flow\" style=\"flex-basis:66.66%\">\n<h4 class=\"wp-block-heading\"><strong>Marjolaine C<\/strong>ambon, viole de gambe et violoncelle<\/h4>\n\n\n\n<p>Dipl\u00f4m\u00e9e du Conservatoire Royal de La Haye, elle s&rsquo;est form\u00e9e aupr\u00e8s des plus grands sp\u00e9cialistes du r\u00e9pertoire de la musique ancienne.<\/p>\n\n\n\n<p>Elle se produit dans divers ensembles de renomm\u00e9e internationale en France et \u00e0 l\u2019\u00e9tranger et participe \u00e0 plusieurs enregistrements discographiques avec <em>Les<\/em> <em>Talens Lyriques<\/em> (C.Rousset), Le Concert spirituel (H. Niquet), Les Epop\u00e9es (S. Fuget), <em>Les Passions<\/em> (J.M. Andrieu), Stradivaria (D. Cuillier), Les Surprises (LN. Bestion de Camboulas), Le Caravans\u00e9rail (B. Cuiller) et Insula Orchestra (L. Equilbey)&nbsp;.&nbsp;&nbsp;&nbsp;&nbsp;<strong>&nbsp;&nbsp;&nbsp;&nbsp;&nbsp;&nbsp;&nbsp;&nbsp;&nbsp;&nbsp;&nbsp;&nbsp;<\/strong><\/p>\n\n\n\n<p>Actuellement, elle enseigne au CRR de St Maur des Foss\u00e9s(94) le violoncelle baroque et a cr\u00e9\u00e9 la classe de viole de gambe depuis 2016.<\/p>\n\n\n\n<p>D\u00e9sireuse d\u2019\u00e9largir son activit\u00e9 d\u2019interpr\u00e8te \u00e0 d\u2019autres formes d\u2019arts, elle se produit en ce moment dans le spectacle \u00ab&nbsp;L\u2019adoucisseur d\u2019angles&nbsp;\u00bb, contes philosophiques \u00e9crits et mis en sc\u00e8ne par B.Richter.<\/p>\n<\/div>\n<\/div>\n","protected":false},"excerpt":{"rendered":"<p>\u00c0 l\u2019image du personnage de la commedia dell\u2019arte dont il porte le nom, l\u2019ensemble Arlequin se m\u00e9tamorphose au gr\u00e9 des [&hellip;]<\/p>\n","protected":false},"author":2,"featured_media":0,"parent":0,"menu_order":0,"comment_status":"closed","ping_status":"closed","template":"","meta":{"site-sidebar-layout":"default","site-content-layout":"","ast-site-content-layout":"default","site-content-style":"default","site-sidebar-style":"default","ast-global-header-display":"","ast-banner-title-visibility":"","ast-main-header-display":"","ast-hfb-above-header-display":"","ast-hfb-below-header-display":"","ast-hfb-mobile-header-display":"","site-post-title":"","ast-breadcrumbs-content":"","ast-featured-img":"","footer-sml-layout":"","theme-transparent-header-meta":"","adv-header-id-meta":"","stick-header-meta":"","header-above-stick-meta":"","header-main-stick-meta":"","header-below-stick-meta":"","astra-migrate-meta-layouts":"default","ast-page-background-enabled":"default","ast-page-background-meta":{"desktop":{"background-color":"var(--ast-global-color-4)","background-image":"","background-repeat":"repeat","background-position":"center center","background-size":"auto","background-attachment":"scroll","background-type":"","background-media":"","overlay-type":"","overlay-color":"","overlay-opacity":"","overlay-gradient":""},"tablet":{"background-color":"","background-image":"","background-repeat":"repeat","background-position":"center center","background-size":"auto","background-attachment":"scroll","background-type":"","background-media":"","overlay-type":"","overlay-color":"","overlay-opacity":"","overlay-gradient":""},"mobile":{"background-color":"","background-image":"","background-repeat":"repeat","background-position":"center center","background-size":"auto","background-attachment":"scroll","background-type":"","background-media":"","overlay-type":"","overlay-color":"","overlay-opacity":"","overlay-gradient":""}},"ast-content-background-meta":{"desktop":{"background-color":"var(--ast-global-color-5)","background-image":"","background-repeat":"repeat","background-position":"center center","background-size":"auto","background-attachment":"scroll","background-type":"","background-media":"","overlay-type":"","overlay-color":"","overlay-opacity":"","overlay-gradient":""},"tablet":{"background-color":"var(--ast-global-color-5)","background-image":"","background-repeat":"repeat","background-position":"center center","background-size":"auto","background-attachment":"scroll","background-type":"","background-media":"","overlay-type":"","overlay-color":"","overlay-opacity":"","overlay-gradient":""},"mobile":{"background-color":"var(--ast-global-color-5)","background-image":"","background-repeat":"repeat","background-position":"center center","background-size":"auto","background-attachment":"scroll","background-type":"","background-media":"","overlay-type":"","overlay-color":"","overlay-opacity":"","overlay-gradient":""}},"footnotes":""},"class_list":["post-657","page","type-page","status-publish","hentry"],"yoast_head":"<!-- This site is optimized with the Yoast SEO plugin v26.2 - https:\/\/yoast.com\/wordpress\/plugins\/seo\/ -->\n<title>Ensemble Arlequin - Rencontres Artistiques de l&#039;Ouille All\u00e8gre<\/title>\n<meta name=\"description\" content=\"\u00c0 l\u2019image du personnage de la commedia dell\u2019arte dont il porte le nom, l\u2019ensemble Arlequin se m\u00e9tamorphose au gr\u00e9 des r\u00e9pertoires. De la richesse ornementale du baroque \u00e0 l\u2019\u00e9l\u00e9gance du classicisme, il explore avec passion les couleurs et les textures sonores des instruments d\u2019\u00e9poque.\" \/>\n<meta name=\"robots\" content=\"index, follow, max-snippet:-1, max-image-preview:large, max-video-preview:-1\" \/>\n<link rel=\"canonical\" href=\"https:\/\/ouilleallegre.fr\/index.php\/ensemble-arlequin\/\" \/>\n<meta property=\"og:locale\" content=\"fr_FR\" \/>\n<meta property=\"og:type\" content=\"article\" \/>\n<meta property=\"og:title\" content=\"Ensemble Arlequin - Rencontres Artistiques de l&#039;Ouille All\u00e8gre\" \/>\n<meta property=\"og:description\" content=\"\u00c0 l\u2019image du personnage de la commedia dell\u2019arte dont il porte le nom, l\u2019ensemble Arlequin se m\u00e9tamorphose au gr\u00e9 des r\u00e9pertoires. De la richesse ornementale du baroque \u00e0 l\u2019\u00e9l\u00e9gance du classicisme, il explore avec passion les couleurs et les textures sonores des instruments d\u2019\u00e9poque.\" \/>\n<meta property=\"og:url\" content=\"https:\/\/ouilleallegre.fr\/index.php\/ensemble-arlequin\/\" \/>\n<meta property=\"og:site_name\" content=\"Rencontres Artistiques de l&#039;Ouille All\u00e8gre\" \/>\n<meta property=\"article:modified_time\" content=\"2025-10-29T20:53:49+00:00\" \/>\n<meta property=\"og:image\" content=\"https:\/\/ouilleallegre.fr\/wp-content\/uploads\/2025\/06\/Gilone-1-copyrignt-Emmanuel-Jacques-scaled.jpeg\" \/>\n\t<meta property=\"og:image:width\" content=\"2157\" \/>\n\t<meta property=\"og:image:height\" content=\"2560\" \/>\n\t<meta property=\"og:image:type\" content=\"image\/jpeg\" \/>\n<meta name=\"twitter:card\" content=\"summary_large_image\" \/>\n<meta name=\"twitter:label1\" content=\"Dur\u00e9e de lecture estim\u00e9e\" \/>\n\t<meta name=\"twitter:data1\" content=\"5 minutes\" \/>\n<script type=\"application\/ld+json\" class=\"yoast-schema-graph\">{\"@context\":\"https:\/\/schema.org\",\"@graph\":[{\"@type\":\"WebPage\",\"@id\":\"https:\/\/ouilleallegre.fr\/index.php\/ensemble-arlequin\/\",\"url\":\"https:\/\/ouilleallegre.fr\/index.php\/ensemble-arlequin\/\",\"name\":\"Ensemble Arlequin - Rencontres Artistiques de l&#039;Ouille All\u00e8gre\",\"isPartOf\":{\"@id\":\"https:\/\/ouilleallegre.fr\/#website\"},\"primaryImageOfPage\":{\"@id\":\"https:\/\/ouilleallegre.fr\/index.php\/ensemble-arlequin\/#primaryimage\"},\"image\":{\"@id\":\"https:\/\/ouilleallegre.fr\/index.php\/ensemble-arlequin\/#primaryimage\"},\"thumbnailUrl\":\"http:\/\/ouilleallegre.fr\/wp-content\/uploads\/2025\/06\/Gilone-1-copyrignt-Emmanuel-Jacques-863x1024.jpeg\",\"datePublished\":\"2025-06-24T19:01:23+00:00\",\"dateModified\":\"2025-10-29T20:53:49+00:00\",\"description\":\"\u00c0 l\u2019image du personnage de la commedia dell\u2019arte dont il porte le nom, l\u2019ensemble Arlequin se m\u00e9tamorphose au gr\u00e9 des r\u00e9pertoires. De la richesse ornementale du baroque \u00e0 l\u2019\u00e9l\u00e9gance du classicisme, il explore avec passion les couleurs et les textures sonores des instruments d\u2019\u00e9poque.\",\"breadcrumb\":{\"@id\":\"https:\/\/ouilleallegre.fr\/index.php\/ensemble-arlequin\/#breadcrumb\"},\"inLanguage\":\"fr-FR\",\"potentialAction\":[{\"@type\":\"ReadAction\",\"target\":[\"https:\/\/ouilleallegre.fr\/index.php\/ensemble-arlequin\/\"]}]},{\"@type\":\"ImageObject\",\"inLanguage\":\"fr-FR\",\"@id\":\"https:\/\/ouilleallegre.fr\/index.php\/ensemble-arlequin\/#primaryimage\",\"url\":\"https:\/\/ouilleallegre.fr\/wp-content\/uploads\/2025\/06\/Gilone-1-copyrignt-Emmanuel-Jacques-scaled.jpeg\",\"contentUrl\":\"https:\/\/ouilleallegre.fr\/wp-content\/uploads\/2025\/06\/Gilone-1-copyrignt-Emmanuel-Jacques-scaled.jpeg\",\"width\":2157,\"height\":2560},{\"@type\":\"BreadcrumbList\",\"@id\":\"https:\/\/ouilleallegre.fr\/index.php\/ensemble-arlequin\/#breadcrumb\",\"itemListElement\":[{\"@type\":\"ListItem\",\"position\":1,\"name\":\"Accueil\",\"item\":\"https:\/\/ouilleallegre.fr\/\"},{\"@type\":\"ListItem\",\"position\":2,\"name\":\"Ensemble Arlequin\"}]},{\"@type\":\"WebSite\",\"@id\":\"https:\/\/ouilleallegre.fr\/#website\",\"url\":\"https:\/\/ouilleallegre.fr\/\",\"name\":\"Rencontres Artistiques de l'Ouille All\u00e8gre\",\"description\":\"\",\"publisher\":{\"@id\":\"https:\/\/ouilleallegre.fr\/#organization\"},\"potentialAction\":[{\"@type\":\"SearchAction\",\"target\":{\"@type\":\"EntryPoint\",\"urlTemplate\":\"https:\/\/ouilleallegre.fr\/?s={search_term_string}\"},\"query-input\":{\"@type\":\"PropertyValueSpecification\",\"valueRequired\":true,\"valueName\":\"search_term_string\"}}],\"inLanguage\":\"fr-FR\"},{\"@type\":\"Organization\",\"@id\":\"https:\/\/ouilleallegre.fr\/#organization\",\"name\":\"Rencontres Artistiques de l'Ouille All\u00e8gre\",\"url\":\"https:\/\/ouilleallegre.fr\/\",\"logo\":{\"@type\":\"ImageObject\",\"inLanguage\":\"fr-FR\",\"@id\":\"https:\/\/ouilleallegre.fr\/#\/schema\/logo\/image\/\",\"url\":\"https:\/\/ouilleallegre.fr\/wp-content\/uploads\/2024\/06\/Logo_OuilleAllegre_VersionSiteInternet_FondTransparent.png\",\"contentUrl\":\"https:\/\/ouilleallegre.fr\/wp-content\/uploads\/2024\/06\/Logo_OuilleAllegre_VersionSiteInternet_FondTransparent.png\",\"width\":1000,\"height\":375,\"caption\":\"Rencontres Artistiques de l'Ouille All\u00e8gre\"},\"image\":{\"@id\":\"https:\/\/ouilleallegre.fr\/#\/schema\/logo\/image\/\"},\"sameAs\":[\"https:\/\/www.instagram.com\/rencontres_ouille_allegre\/\"]}]}<\/script>\n<!-- \/ Yoast SEO plugin. -->","yoast_head_json":{"title":"Ensemble Arlequin - Rencontres Artistiques de l&#039;Ouille All\u00e8gre","description":"\u00c0 l\u2019image du personnage de la commedia dell\u2019arte dont il porte le nom, l\u2019ensemble Arlequin se m\u00e9tamorphose au gr\u00e9 des r\u00e9pertoires. De la richesse ornementale du baroque \u00e0 l\u2019\u00e9l\u00e9gance du classicisme, il explore avec passion les couleurs et les textures sonores des instruments d\u2019\u00e9poque.","robots":{"index":"index","follow":"follow","max-snippet":"max-snippet:-1","max-image-preview":"max-image-preview:large","max-video-preview":"max-video-preview:-1"},"canonical":"https:\/\/ouilleallegre.fr\/index.php\/ensemble-arlequin\/","og_locale":"fr_FR","og_type":"article","og_title":"Ensemble Arlequin - Rencontres Artistiques de l&#039;Ouille All\u00e8gre","og_description":"\u00c0 l\u2019image du personnage de la commedia dell\u2019arte dont il porte le nom, l\u2019ensemble Arlequin se m\u00e9tamorphose au gr\u00e9 des r\u00e9pertoires. De la richesse ornementale du baroque \u00e0 l\u2019\u00e9l\u00e9gance du classicisme, il explore avec passion les couleurs et les textures sonores des instruments d\u2019\u00e9poque.","og_url":"https:\/\/ouilleallegre.fr\/index.php\/ensemble-arlequin\/","og_site_name":"Rencontres Artistiques de l&#039;Ouille All\u00e8gre","article_modified_time":"2025-10-29T20:53:49+00:00","og_image":[{"width":2157,"height":2560,"url":"https:\/\/ouilleallegre.fr\/wp-content\/uploads\/2025\/06\/Gilone-1-copyrignt-Emmanuel-Jacques-scaled.jpeg","type":"image\/jpeg"}],"twitter_card":"summary_large_image","twitter_misc":{"Dur\u00e9e de lecture estim\u00e9e":"5 minutes"},"schema":{"@context":"https:\/\/schema.org","@graph":[{"@type":"WebPage","@id":"https:\/\/ouilleallegre.fr\/index.php\/ensemble-arlequin\/","url":"https:\/\/ouilleallegre.fr\/index.php\/ensemble-arlequin\/","name":"Ensemble Arlequin - Rencontres Artistiques de l&#039;Ouille All\u00e8gre","isPartOf":{"@id":"https:\/\/ouilleallegre.fr\/#website"},"primaryImageOfPage":{"@id":"https:\/\/ouilleallegre.fr\/index.php\/ensemble-arlequin\/#primaryimage"},"image":{"@id":"https:\/\/ouilleallegre.fr\/index.php\/ensemble-arlequin\/#primaryimage"},"thumbnailUrl":"http:\/\/ouilleallegre.fr\/wp-content\/uploads\/2025\/06\/Gilone-1-copyrignt-Emmanuel-Jacques-863x1024.jpeg","datePublished":"2025-06-24T19:01:23+00:00","dateModified":"2025-10-29T20:53:49+00:00","description":"\u00c0 l\u2019image du personnage de la commedia dell\u2019arte dont il porte le nom, l\u2019ensemble Arlequin se m\u00e9tamorphose au gr\u00e9 des r\u00e9pertoires. De la richesse ornementale du baroque \u00e0 l\u2019\u00e9l\u00e9gance du classicisme, il explore avec passion les couleurs et les textures sonores des instruments d\u2019\u00e9poque.","breadcrumb":{"@id":"https:\/\/ouilleallegre.fr\/index.php\/ensemble-arlequin\/#breadcrumb"},"inLanguage":"fr-FR","potentialAction":[{"@type":"ReadAction","target":["https:\/\/ouilleallegre.fr\/index.php\/ensemble-arlequin\/"]}]},{"@type":"ImageObject","inLanguage":"fr-FR","@id":"https:\/\/ouilleallegre.fr\/index.php\/ensemble-arlequin\/#primaryimage","url":"https:\/\/ouilleallegre.fr\/wp-content\/uploads\/2025\/06\/Gilone-1-copyrignt-Emmanuel-Jacques-scaled.jpeg","contentUrl":"https:\/\/ouilleallegre.fr\/wp-content\/uploads\/2025\/06\/Gilone-1-copyrignt-Emmanuel-Jacques-scaled.jpeg","width":2157,"height":2560},{"@type":"BreadcrumbList","@id":"https:\/\/ouilleallegre.fr\/index.php\/ensemble-arlequin\/#breadcrumb","itemListElement":[{"@type":"ListItem","position":1,"name":"Accueil","item":"https:\/\/ouilleallegre.fr\/"},{"@type":"ListItem","position":2,"name":"Ensemble Arlequin"}]},{"@type":"WebSite","@id":"https:\/\/ouilleallegre.fr\/#website","url":"https:\/\/ouilleallegre.fr\/","name":"Rencontres Artistiques de l'Ouille All\u00e8gre","description":"","publisher":{"@id":"https:\/\/ouilleallegre.fr\/#organization"},"potentialAction":[{"@type":"SearchAction","target":{"@type":"EntryPoint","urlTemplate":"https:\/\/ouilleallegre.fr\/?s={search_term_string}"},"query-input":{"@type":"PropertyValueSpecification","valueRequired":true,"valueName":"search_term_string"}}],"inLanguage":"fr-FR"},{"@type":"Organization","@id":"https:\/\/ouilleallegre.fr\/#organization","name":"Rencontres Artistiques de l'Ouille All\u00e8gre","url":"https:\/\/ouilleallegre.fr\/","logo":{"@type":"ImageObject","inLanguage":"fr-FR","@id":"https:\/\/ouilleallegre.fr\/#\/schema\/logo\/image\/","url":"https:\/\/ouilleallegre.fr\/wp-content\/uploads\/2024\/06\/Logo_OuilleAllegre_VersionSiteInternet_FondTransparent.png","contentUrl":"https:\/\/ouilleallegre.fr\/wp-content\/uploads\/2024\/06\/Logo_OuilleAllegre_VersionSiteInternet_FondTransparent.png","width":1000,"height":375,"caption":"Rencontres Artistiques de l'Ouille All\u00e8gre"},"image":{"@id":"https:\/\/ouilleallegre.fr\/#\/schema\/logo\/image\/"},"sameAs":["https:\/\/www.instagram.com\/rencontres_ouille_allegre\/"]}]}},"_links":{"self":[{"href":"https:\/\/ouilleallegre.fr\/index.php\/wp-json\/wp\/v2\/pages\/657","targetHints":{"allow":["GET"]}}],"collection":[{"href":"https:\/\/ouilleallegre.fr\/index.php\/wp-json\/wp\/v2\/pages"}],"about":[{"href":"https:\/\/ouilleallegre.fr\/index.php\/wp-json\/wp\/v2\/types\/page"}],"author":[{"embeddable":true,"href":"https:\/\/ouilleallegre.fr\/index.php\/wp-json\/wp\/v2\/users\/2"}],"replies":[{"embeddable":true,"href":"https:\/\/ouilleallegre.fr\/index.php\/wp-json\/wp\/v2\/comments?post=657"}],"version-history":[{"count":5,"href":"https:\/\/ouilleallegre.fr\/index.php\/wp-json\/wp\/v2\/pages\/657\/revisions"}],"predecessor-version":[{"id":787,"href":"https:\/\/ouilleallegre.fr\/index.php\/wp-json\/wp\/v2\/pages\/657\/revisions\/787"}],"wp:attachment":[{"href":"https:\/\/ouilleallegre.fr\/index.php\/wp-json\/wp\/v2\/media?parent=657"}],"curies":[{"name":"wp","href":"https:\/\/api.w.org\/{rel}","templated":true}]}}